f 462?
False
Is 37865943 a multiple of 1179?
True
Does 60 divide 998523420?
True
Is 313 a factor of 867703632?
False
Is 154325615 a multiple of 20?
False
Is 24943369 a multiple of 4?
False
Is 1515 a factor of 13451685?
True
Does 183 divide 1286132235?
True
Does 3 divide 265953002?
False
Is 20 a factor of 4016056199?
False
Does 355 divide 159231674?
False
Does 512 divide 20588032?
True
Is 301 a factor of 1420211611?
True
Does 31 divide 242234820?
False
Is 4698793 a multiple of 121?
True
Is 637 a factor of 4564816529?
True
Is 14 a factor of 66034378?
False
Is 1583184880 a multiple of 8?
True
Is 97876335 a multiple of 3264?
False
Is 925797 a multiple of 2?
False
Is 1415 a factor of 95653544?
False
Is 19 a factor of 82167584?
False
Does 1827 divide 329368230?
False
Is 18186818 a multiple of 1257?
False
Is 433 a factor of 305891984?
True
Does 451 divide 78844722?
True
Is 274784013 a multiple of 1449?
True
Is 20 a factor of 3751420?
True
Is 11 a factor of 971948153?
True
Is 34 a factor of 63909083?
False
Is 1233199 a multiple of 2112?
False
Is 51 a factor of 36809053?
False
Is 3329 a factor of 715949460?
False
Does 15 divide 9101213?
False
Is 411688 a multiple of 45?
False
Is 42 a factor of 1245587535?
False
Is 24046689 a multiple of 11?
False
Is 14 a factor of 207033236?
False
Is 159 a factor of 649119442?
False
Is 15110364 a multiple of 1707?
True
Is 101 a factor of 234078610?
True
Is 43 a factor of 25032192?
True
Is 173 a factor of 128876696?
True
Is 189175932 a multiple of 867?
True
Is 17 a factor of 986272?
True
Is 79479438 a multiple of 19?
False
Is 17 a factor of 25759355?
False
Is 60421914 a multiple of 1302?
True
Is 309 a factor of 37106265?
True
Is 4615 a factor of 22313525?
True
Is 1848077668 a multiple of 166?
True
Does 5 divide 10610386?
False
Is 99901998 a multiple of 2331?
True
Does 12 divide 147644760?
True
Is 28 a factor of 277760?
True
Does 4 divide 65257585?
False
Is 5883491 a multiple of 12?
False
Does 94 divide 867811390?
False
Does 298 divide 239708238?
False
Is 8521885 a multiple of 172?
False
Is 8 a factor of 81477968?
True
Does 11 divide 2175710?
False
Is 1655 a factor of 12579178?
False
Does 378 divide 120928?
False
Does 13 divide 1460121?
True
Does 8 divide 169669601?
False
Is 27475425 a multiple of 1072?
False
Is 121 a factor of 44233244?
True
Is 1165955346 a multiple of 158?
False
Is 78939883 a multiple of 100?
False
Is 27 a factor of 14140332?
True
Is 16 a factor of 859666277?
False
Is 38441376 a multiple of 61?
False
Is 118 a factor of 22601130?
True
Is 365 a factor of 2325238666?
False
Does 4445 divide 367304089?
False
Is 345589275 a multiple of 75?
True
Is 623661 a multiple of 550?
False
Is 68504554 a multiple of 12?
False
Does 11 divide 53279138?
True
Is 5 a factor of 70405951?
False
Is 4117761125 a multiple of 28?
False
Is 7316292 a multiple of 114?
True
Is 26399366 a multiple of 25?
False
Is 76 a factor of 25623020?
True
Is 82 a factor of 26487693?
False
Is 267429696 a multiple of 402?
True
Is 2837156 a multiple of 148?
False
Is 26390380 a multiple of 1195?
True
Is 2597 a factor of 520277744?
False
Does 1097 divide 12022474?
False
Does 153 divide 5944509?
True
Does 920 divide 15806520?
True
Is 398676333 a multiple of 17?
True
Is 31 a factor of 84875892?
True
Is 169 a factor of 493353926?
True
Does 18 divide 16857862?
False
Is 1416 a factor of 2232010730?
False
Is 19 a factor of 38478933?
True
Does 781 divide 56677170?
True
Is 39939964 a multiple of 688?
False
Is 1517105380 a multiple of 89?
False
Is 44 a factor of 1888449464?
True
Is 125 a factor of 43236657?
False
Is 178 a factor of 8951146?
False
Is 3820 a factor of 146233420?
True
Does 8 divide 10714880?
True
Does 25 divide 348854550?
True
Is 727 a factor of 1788607280?
False
Is 9915731 a multiple of 22?
False
Does 34 divide 85768473?
False
Does 36 divide 66515873?
False
Is 43 a factor of 129421717?
False
Does 59 divide 4908269?
True
Is 249 a factor of 1887582517?
False
Does 1067 divide 2306005735?
True
Does 172 divide 250664200?
True
Is 3219194484 a multiple of 11694?
True
Is 414 a factor of 23291472?
False
Is 1005300372 a multiple of 908?
True
Is 38 a factor of 1927079066?
True
Is 537334062 a multiple of 3442?
True
Does 612 divide 307804176?
True
Is 92843872 a multiple of 1291?
False
Is 36129090 a multiple of 345?
True
Is 34905546 a multiple of 1026?
True
Is 21 a factor of 52644123?
True
Is 2030754489 a multiple of 82?
False
Is 233987985 a multiple of 15?
True
Is 53927986 a multiple of 632?
False
Does 98 divide 24832390?
False
Does 6677 divide 514990333?
True
Is 115 a factor of 171215335?
True
Is 1691838651 a multiple of 297?
False
Does 343 divide 1137214307?
False
Is 199 a factor of 411422945?
False
Is 298349568 a multiple of 264?
True
Does 138 divide 42291204?
True
Is 15334852 a multiple of 450?
False
Does 34 divide 1437243089?
False
Is 27 a factor of 965049417?
True
Is 39 a factor of 1027041460?
False
Is 3 a factor of 25624218?
True
Does 2567 divide 88458820?
True
Is 484 a factor of 24247543?
False
Does 574 divide 333434582?
False
Is 13724253 a multiple of 51?
True
Is 6 a factor of 882739080?
True
Is 236512290 a multiple of 50?
False
Is 88085530 a multiple of 130?
True
Does 627 divide 1146324546?
False
Does 293 divide 640092488?
True
Does 3484 divide 40973638?
False
Is 494504381 a multiple of 44?
False
Is 709181869 a multiple of 12?
False
Is 17 a factor of 227034167?
True
Is 5642 a factor of 61322898?
True
Does 8 divide 53703272?
True
Is 13550042 a multiple of 22?
True
Does 702 divide 2176488223?
False
Is 223 a factor of 86863949?
False
Is 6 a factor of 67899612?
True
Is 2389532 a multiple of 4?
True
Is 39 a factor of 53173750?
False
Does 18 divide 84029108?
False
Is 10261 a factor of 4334543969?
True
Is 115633356 a multiple of 3?
True
Is 1206756245 a multiple of 95?
False
Is 140520320 a multiple of 2467?
True
Is 459 a factor of 5151739?
False
Does 10 divide 251095360?
True
Is 1834175 a multiple of 35?
True
Is 44 a factor of 201529768?
True
Is 119 a factor of 189304248?
True
Is 65 a factor of 44437198?
False
Is 1142981069 a multiple of 19?
False
Does 117 divide 431193906?
True
Does 15 divide 137233057?
False
Is 1363899 a multiple of 61?
True
Is 1381 a factor of 86950867?
False
Is 10475895 a multiple of 72?
False
Is 375162337 a multiple of 557?
True
Is 38715660 a multiple of 2?
True
Is 276 a factor of 4590284542?
False
Is 4933299776 a multiple of 541?
False
Does 205 divide 23939547?
False
Does 214 divide 2894811201?
False
Does 49 divide 284091857?
True
Is 532 a factor of 6635237?
False
Is 24540118 a multiple of 142?
False
Is 50455894 a multiple of 120?
False
Does 4171 divide 1065627935?
True
Is 10848321 a multiple of 9?
True
Is 50065059 a multiple of 359?
False
Is 26 a factor of 197853?
False
Does 16 divide 1081432144?
True
Does 3264 divide 68940146?
False
Is 1238641362 a multiple of 54?
True
Is 27 a factor of 129549132?
True
Is 933 a factor of 73397244?
True
Is 731 a factor of 3759786908?
False
Is 12 a factor of 4482828?
True
Does 13 divide 797281919?
False
Is 587 a factor of 311786224?
True
Is 768 a factor of 1838227774?
False
Is 6451 a factor of 765077985?
False
Is 339884163 a multiple of 3?
True
Does 71 divide 23326780?
False
Is 1116 a factor of 660107608?
False
Does 6517 divide 2662637569?
False
Is 430997044 a multiple of 4?
True
Is 315 a factor of 58715?
False
Is 39388086 a multiple of 1161?
True
Does 84 divide 1155587412?
True
Does 7 divide 54795216?
True
Is 25259400 a multiple of 9?
True
Is 6042 a factor of 593681580?
False
Is 165 a factor of 36639105?
False
Is 153334360 a multiple of 20?
True
Does 3 divide 541697553?
True
Is 594 a factor of 1004383218?
False
Does 286 divide 5509863788?
True
Is 121948237 a multiple of 982?
False
Is 195266070 a multiple of 30?
True
Is 2478773205 a multiple of 1531?
True
Is 86 a factor of 226855186?
True
Is 34 a factor of 107531766?
True
Does 379 divide 41270403?
False
Is 9 a factor of 67207870?
False
Is 43 a factor of 314515416?
True
Is 946243485 a multiple of 15?
True
Does 2404 divide 110100796?
True
Does 10 divide 145176864?
False
Does 1160 divide 337094840?
True
Is 254390152 a multiple of 905?
False
Does 374 divide 89100220?
False
Is 956 a factor of 631315796?
False
Is 17 a factor of 367769398?
True
Is 211 a 